)/((-1)/1). Let f(m) = 97*m**3 + m**2 - 2*m + 1. Is f(l) prime?
True
Suppose 0 = r + 5*l - 258, -5*r + l + 715 = -471. Suppose -5*n - 3*k + 324 + r = 0, 4*n - 453 = k. Is n a prime number?
True
Suppose -16 = 2*n - 0*n. Is (254/n)/((-3)/12) a prime number?
True
Is ((-2)/(-4))/(1*(-1)/(-406)) composite?
True
Let a(g) be the first derivative of -13*g**2/2 - 2*g - 10. Suppose 0 = h - 1 + 4. Is a(h) composite?
False
Let i = 27 - 12. Let j = i - 10. Suppose -5*y = 2*b + b - 47, j*y - 38 = -2*b. Is b a composite number?
True
Let d = -17 - -64. Is d a prime number?
True
Suppose -4*t + 1160 + 180 = 0. Suppose 5*o - t = 950. Is o a prime number?
True
Let a = -961 + 1534. Is a a prime number?
False
Let t be (-6)/(-10) + 6/15. Let d(z) = 127*z**2 - z + 1. Is d(t) a composite number?
False
Suppose j + 5*z = -7, 4*z + 0 + 6 = -j. Is -2 + (-99)/(j - 1) composite?
False
Suppose -5*y + 16 = g, -4 = -4*g - 0. Let i = 5 - y. Suppose 3*x + d - 3*d = 110, -64 = -i*x - d. Is x prime?
False
Suppose 0*n = -3*n - 6. Is n/(-8) - (-1645)/28 composite?
False
Let u be (-4)/16*(-4 + 4). Suppose u = -l + 234 + 15. Is l composite?
True
Let j = 18 - 13. Suppose j*q = -4*f + 2578, 503 = -0*q + q + 5*f. Suppose 4*n - 318 - q = 0. Is n prime?
False
Let z = 721 + -248. Is z composite?
True
Suppose -2*m = 2*g + 178, 94 - 5 = -m - 2*g. Let z = m + 124. Is z a prime number?
False
Suppose 0 = -2*m - 3*u - 2*u + 1800, 5*m - 5*u = 4465. Is m a composite number?
True
Suppose 2*r + 18 = 4. Let i(l) = l**2 + 8*l + 10. Let w be i(r). Suppose -3*j + h - w*h = -47, -5*h - 32 = -4*j. Is j a prime number?
True
Let f = 1974 - 1097. Is f a prime number?
True
Let y(q) = -q**2 - 6*q - 1. Let j be y(-5). Suppose 3987 = -j*b - 509. Is (-4)/18 + b/(-36) a prime number?
True
Is -19 + 762 - (-1)/(-2)*0 composite?
False
Let f be ((-74)/(-4))/(2/4). Suppose -2*w + 233 = 5*g, -5*w - 5*g + 3*g + 530 = 0. Let v = w - f. Is v composite?
False
Suppose -3*d - 3*b = -3 - 0, -9 = 3*b. Suppose -2*p - 12 = p - d*x, 0 = -3*x + 9. Suppose -s + m = -32 - p, 2*m + 2 = 0. Is s composite?
False
Let y = 0 - -2. Let m(q) = -q**2 - 8*q - 1. Let n(t) = 2*t**2 + 7*t + 2. Let d(i) = y*m(i) + 3*n(i). Is d(-5) a composite number?
False
Suppose -2*n + 176 = 2*t - 0*n, 0 = -2*t + 5*n + 197. Is t a composite number?
True
Suppose 0 = -6*y + 10*y - 84. Is y a prime number?
False
Suppose 4*c - 3*v - 1262 = -0*v, 0 = -3*c - 3*v + 936. Is c composite?
True
Let o = 17196 - 11383. Is o prime?
True
Let v be -1628 + (-1 - -2) + 1. Let w be (v/9)/(4/(-6)). Suppose -a + 90 = b, b = -3*a - 3*b + w. Is a a composite number?
False
Let c = -1390 - 774. Is (c/(-10))/((-8)/(-20)) prime?
True
Suppose -5*j = -6*j + 127. Is j composite?
False
Is 3*(-2)/(-3) + 4277 prime?
False
Let a(t) = t - 3. Let p(m) = 9*m**2 - 3*m + 2. Let k be p(3). Suppose -29 = 5*d - k. Is a(d) prime?
False
Let w(m) = -m**2 + 9*m - 7. Let q be w(7). Let o = q + -5. Is o a composite number?
False
Suppose 0 = -b + 32 + 19. Let f = -1 - -4. Suppose 4*o = -5*g + 96, -b - 10 = -f*o - g. Is o a composite number?
False
Suppose 5*j - 2*j - 2013 = 0. Is j composite?
True
Let t = 2189 + -1212. Is t composite?
False
Let t(f) = 3*f**2 + 4. Suppose -3*i - 12 = -3. Is t(i) a composite number?
False
Suppose -22*a = -24*a + 7142. Is a composite?
False
Let o = -4932 + 6935. Is o composite?
False
Suppose -r = 1 - 3. Suppose r*d + d = 1179. Suppose 12 - d = -3*j. Is j a composite number?
False
Suppose -5*h + 397 = v, -397 = -v + 2*h - h. Is v a composite number?
False
Let k = 114 - -85. Is k a prime number?
True
Suppose 5*h + 0*v - 14609 = 2*v, -4*h + 11692 = -4*v. Is h a prime number?
False
Is -1*(-1 + 2)/(1/(-1693)) prime?
True
Let i(k) = 6*k**2 + 0 + 2*k**2 + k + 3 + 2*k. Let g be i(-6). Suppose 0 = 2*r + r - g. Is r composite?
True
Let m be 2/4 - 6/4. Is (-1)/m + 1 + 35 a composite number?
False
Let j(q) be the first derivative of q**3 - 5*q**2/2 + 7*q - 2. Is j(7) composite?
True
Let c = 78 - 9. Is c prime?
False
Let u = -6 - -8. Let k be 6 + ((-2)/1)/u. Suppose 3*f + k = o - 0, -4*o - 5*f + 54 = 0. Is o a composite number?
False
Let r(y) = 2*y + 12. Let u be r(-6). Suppose u = a - 14 - 5. Is a composite?
False
Is (-5)/((-30)/(-4)) - (-10365)/9 composite?
False
Is (-6)/8 - 349800/(-96) a composite number?
False
Let h be 3/(6/4) - -530. Suppose -5*b + 2*l - 74 = -600, -h = -5*b - l. Is b composite?
True
Let i(n) = -n**3 + 12*n**2 - 6*n + 9. Suppose 2*p + 46 = 5*b, 5*b + 2*p = -3*p + 60. Suppose 4*o - 22 = b. Is i(o) a prime number?
False
Let f(n) = n + 2. Let d be f(0). Let q = 8 + 15. Let p = q - d. Is p a composite number?
True
Suppose p = -3*d - 40 - 2, -4*p + 4*d = 136. Let o = p + 73. Let g = o - 6. Is g composite?
False
Suppose -4*z + 8 = -f, -2*z - 1 = -z - f. Suppose 5*k = 5*i - 425, -2*i + z*k - 40 + 206 = 0. Is i a composite number?
False
Suppose 5 = -4*o + 21. Suppose 4*x + o = 2*h, -x = 1 - 2. Is (-3 + h)*3*43 a prime number?
False
Let p = 1 + -2. Let w = 1 - p. Suppose 7*v - w*v + 5*x - 350 = 0, 338 = 5*v + x. Is v a composite number?
False
Let i be (-256)/(-5) + 2/(-10). Let q = 140 - i. Is q prime?
True
Let g(y) = 652*y + 31. Is g(6) composite?
False
Suppose -v - 12 = -5*v. Suppose -2*r - 33 = -5*k + 2*k, -4*k = v*r - 27. Is (-955)/(-3) - (-6)/k composite?
True
Suppose 4*o + 517 = 5*o. Is o composite?
True
Suppose 2*z = z + 556. Suppose -4*t + z = -660. Suppose -73 + t = 3*y. Is y a composite number?
True
Is (2/(2 - 3))/(6/(-3747)) prime?
True
Let m = -29 - -55. Suppose -c - 4*n + m = c, -c - 4*n = -17. Let o(v) = v**2 + 4. Is o(c) a prime number?
False
Suppose -337 = -m - 3*b, 2*m + 5*b - 397 = 275. Is m a composite number?
False
Let x be (-6 - (1 - -1))/(-2). Suppose 3 = -6*j + 3*j, -160 = -4*p + x*j. Suppose -3*v - 9 = 4*g - 8*g, 0 = -4*g - 3*v + p. Is g a prime number?
False
Let h(i) = 179*i**2 - 3*i + 2. Is h(1) a prime number?
False
Let w be 4/14 + 2430/70. Is ((-7)/(-5))/(7/w) a prime number?
True
Suppose 0 = -2*q + n + 8, -4*q - 5*n = -10*n - 28. Suppose q*w + 29 = -3*z, -4*w - 10 = -2*z + 24. Is (6/w)/((-2)/50) a composite number?
True
Let g(b) = -b**3 - 7*b**2 - 3*b + 6. Let w be g(-6). Is 2/(-8) - 639/w a composite number?
False
Let z(g) = -g**2 + 9*g + 10. Let p be z(10). Let w = 1 - -1. Is 324/w + p + -1 prime?
False
Let u = -4 - -10. Let k = -4 + u. Suppose -5*j + k*s + 80 = -27, -j + 3*s + 11 = 0. Is j a composite number?
False
Let i(t) = -t**2 - 5*t + 7. Let b be i(-5). Is (b/(-5))/((-1)/5) a composite number?
False
Suppose 3*f + 2*f - a - 16 = 0, 3*f = a + 10. Is 2/f - 3333/(-9) composite?
True
Let f = -100 + 196. Suppose -o - 5*p + f = 0, -2*o - 2*p + 4*p + 168 = 0. Is o a composite number?
True
Let n(i) = 7*i**2 - 2*i - 7. Is n(-8) a prime number?
True
Suppose 2*a + 9 = 3*a. Is a composite?
True
Let o = -571 - -822. Is o a composite number?
False
Suppose 0 = 4*k - 3 + 7. Let p(n) = n**2 - 10*n + 12. Let b be p(9). Is b - 2 - 78/k composite?
False
Suppose -4*d + 86 = p + p, -2*p - 98 = -4*d. Let s = -6 - d. Let o = 82 - s. Is o prime?
False
Let o = 3151 + 1038. Is o a composite number?
True
Suppose 3*k - g - 31 = -6*g, 0 = -2*k + 3*g - 11. Is k/3 + 16/3 prime?
False
Let o = -2003 - -5790. Is o a composite number?
True
Let t = 322 - 71. Is t prime?
True
Let f be 3/(-1) + 2 + 0. Let n be ((-1 - f) + 3)*91. Let a = n + -180. Is a prime?
False
Let p = 3 + 9. Suppose 4*h - 7*h + p = 0. Suppose -136 = -4*m - h*f, 6 = -2*f - 0*f. Is m a prime number?
True
Let m be 5/1*276/30. Let h = m + 31. Is h prime?
False
Suppose -4*u + 3*o + 1351 = 0, -3 = 4*o - o. Is u composite?
False
Let a be 14/21 + 28/(-6). Let k = a + 39. Is k a prime number?
False
Let t be (0 + 3)*-1 - 1. Let p = -2 - t. Suppose p*d - 62 = -0*d. Is d a composite number?
False
Let g = -204 + 129. Let s = -24 - g. Is s a prime number?
False
Suppose -81 = -0*n + 3*n. Let d = 31 - n. Is d a prime number?
False
Let d(c) = -4*c**2 + 14*c + 4. Let k(u) = 7*u**2 - 27*u - 9. Suppose -10 = 5*y + 15. Let j(g) = y*d(g) - 3*k(g). Is j(7) prime?
False
Let h(d) = -d**3 - 3*d**2 + 5*d + 2. Let m be h(-4). Let g(t) = -14*t - 3. Is g(m) a prime number?
False
Is (-724 + 5)/(1/(-3)) prime?
False
Let n(l) = -2*l + 19. Suppose -3*p + 4*p = -8. Is n(p) a composite number?
True
Let i be 1 + 1 + (-5 - 0). Let h = 46 + i. Is